57344)) - (-60)/70.
2, 3, 227
Let b(m) = -4*m**2 - 78*m + 26*m - 40 + 5*m**2. List the prime factors of b(-12).
2, 7, 13
Suppose -18 = 5*y - r, -4*y + y + 3 = 4*r. Let m be (-4 - y)/(2/(-14)). Suppose -g - 1020 = -m*g. List the prime factors of g.
2, 5, 17
Let g = 17932 + -10297. What are the prime factors of g?
3, 5, 509
Let i be (-2 - (-3 + -1)) + 15. Let x(w) = -29 + 22 + 0*w**2 - i*w - w**2. List the prime factors of x(-14).
5, 7
Suppose -3*u = 3*g - 8517, -5*u + 15692 = -7*g + 1497. List the prime factors of u.
17, 167
Let x(r) = 5678*r - 6885. What are the prime factors of x(8)?
17, 2267
What are the prime factors of (36 + -24)/((-3)/(-1409))?
2, 1409
List the prime factors of (17 - (618 + 10))*(-3)/(9/156).
2, 13, 47
Suppose 3278 - 1732 = 14*d - 9416. What are the prime factors of d?
3, 29
Suppose 0 = 156*y - 103892 - 77224. List the prime factors of y.
3, 43
Let m(v) = -36*v**3 + 18*v**2 + 20*v + 24. Let k(h) = h**3 - h**2 - h - 1. Let f(q) = 36*k(q) + 2*m(q). List the prime factors of f(-2).
2, 73
Let z(h) be the first derivative of h**3/3 - 3*h**2/2 + 13*h - 14. Let j be z(-8). What are the prime factors of (-2 - 3)*3/5 + j?
2, 7
Suppose -4*j + 630 = 2*j. Let f = j + -99. Suppose -f*q + 549 = -123. List the prime factors of q.
2, 7
List the prime factors of (10/(-4))/((-78)/1171872).
2, 3, 5, 313
Suppose x = m + 1, -36*x + 31*x + 2*m + 14 = 0. Suppose 2*c + x*o - 372 = 2*o, 3 = -o. List the prime factors of c.
3, 7
Suppose -2*a + 2*w + 69 = -135, -15 = -3*w. Let j = 342 + a. List the prime factors of j.
449
Let i = 5 - 1. Let t be (-52)/(-12) - -4*(-1)/(-6). Suppose t*b + 0*w = 3*w + 439, 97 = b + i*w. List the prime factors of b.
89
Let j = 16219 - -9754. List the prime factors of j.
19, 1367
Suppose 2*x + 4*b = 5*x - 110, 0 = 2*x + 5*b - 81. Suppose -16899 = -x*t + 12133. List the prime factors of t.
2, 191
Suppose -53 - 23 = 3*k - x, -5*x - 106 = 3*k. Let a(f) = -f**2 - 83*f - 3. List the prime factors of a(k).
3, 503
Let p(o) = 414*o**2 + 21*o + 49. What are the prime factors of p(-3)?
2, 29
Suppose 176 = -14*j - 132. What are the prime factors of 12/(-66) - 9750/j?
443
Suppose 77452 = 3*f - 114*x + 113*x, 0 = 13*f - 5*x - 335620. What are the prime factors of f?
2, 5, 1291
Suppose 12*o + 6 = 11*o. Let a be 274/o - (16/12 - 1). Let h = a - -173. List the prime factors of h.
127
Let p(k) = -7*k + 23. Let g be p(3). Suppose 2*w + g*r + 2*r = 580, -4*w - r + 1181 = 0. List the prime factors of w.
2, 37
Let h = -569 - -2337. Suppose -548 = -4*q + h. What are the prime factors of q?
3, 193
Let o(z) = -9*z**3 + z**2 - 3*z - 4. Let i be o(-1). Suppose l + i = -21. What are the prime factors of l*(-4)/(-40)*-8?
2, 3
Suppose 0 = 5*c - 2*h + h - 7000, 2*h = 3*c - 4193. Suppose -1669 - c = -5*x. List the prime factors of x.
2, 307
Suppose -175*i + 325 = -170*i. Suppose i*v + 5379 = 98*v. What are the prime factors of v?
163
Let q(l) be the third derivative of 5*l**4/12 + 36*l**3 - l**2. Let n be q(0). Suppose 0 = -6*t + 7*t - n. List the prime factors of t.
2, 3
Let u = 233 + -230. Suppose -5*q + 18 = -4*y, u - 7 = 2*y. List the prime factors of q.
2
Suppose -84*g + 356*g = 16561536. What are the prime factors of g?
2, 3, 43, 59
Let p be 0/(5 - (13 + -3 + -4)). Suppose 5*u + 3*u - 1536 = p. What are the prime factors of u?
2, 3
List the prime factors of 6 - -23152 - 8 - (0 - (4 + -11)).
23143
Let q(s) = -549*s - 741. Let p(w) = -29*w - 39. Let x(i) = 117*p(i) - 6*q(i). What are the prime factors of x(-9)?
2, 3, 43
Suppose 4*n - a = 2*a + 22, -3*n - a = -23. Suppose -7*b + 727 + 1723 = 0. Suppose -28 = -n*y + b. What are the prime factors of y?
2, 3
Let k be ((-54)/(-4))/(-3 - (-35)/10). Let c = 12 + k. What are the prime factors of c?
3, 13
Let c(m) = m**3 - 7*m**2 - 3*m + 5. Let a be c(11). Suppose 5*v - 329 - a = 0. What are the prime factors of v?
157
Let s be (-8295)/(-35)*(0 + -1). Let o = s + 484. What are the prime factors of o?
13, 19
Suppose -61*m = -260 - 106. Suppose -16*s + 10790 = -m*s. List the prime factors of s.
13, 83
Let d(h) = h**3 - 8*h**2 + 2*h - 6. Let s be d(8). Let v = 12 - s. Suppose -31 = -3*y + 3*g + 251, 0 = -v*y + 3*g + 185. List the prime factors of y.
97
Let n(i) = -14*i + 501. Let j be (-1 + 1)/(10 - 12). List the prime factors of n(j).
3, 167
Let s be (24/(-18))/(-2)*3. Suppose 3*j - 2168 = -s*f - 2*f, 3*j = -3*f + 1629. List the prime factors of f.
7, 11
Let r(m) be the third derivative of m**5/30 - 5*m**4/8 + 4*m**3 - 162*m**2. What are the prime factors of r(23)?
11, 67
Suppose 0 = -11*p + 10*p - 8. Let s(z) be the first derivative of z**4/4 + 8*z**3/3 - 5*z**2/2 + 5*z - 44. What are the prime factors of s(p)?
3, 5
Suppose 66*w + 417234 - 1844779 = 2377421. What are the prime factors of w?
3, 11, 1747
Let n(m) = -m**3 + 11*m**2 - 58*m + 145. What are the prime factors of n(-27)?
67, 439
Suppose 182*i - 195*i = 455. List the prime factors of (-301)/(i/5)*1.
43
Let c = 49092 - 13407. List the prime factors of c.
3, 5, 13, 61
Let a(h) = 7*h**2 + 26*h + 6*h + 10 - 4*h - h**3. Let o(n) = 2*n**3 - 14*n**2 - 57*n - 21. Let g(b) = -13*a(b) - 6*o(b). What are the prime factors of g(10)?
2, 19
Suppose -4*d + 1010 - 25772 = -z, 5*d - 74388 = -3*z. What are the prime factors of z?
2, 3, 17
Let f = 18843 + 2515. What are the prime factors of f?
2, 59, 181
Let l = 793 - -981. What are the prime factors of l?
2, 887
Let k = 19494 - -7663. What are the prime factors of k?
13, 2089
Suppose j - 25689 = 3*f, -f = -5*j + 25652 + 102751. Suppose 0*h + j = 15*h. List the prime factors of h.
2, 107
Let l(s) = 17*s**2 + 726*s - 111. What are the prime factors of l(-71)?
2, 5, 23, 37
Let t = 169 - 100. Suppose -t*m - 1644 = -81*m. List the prime factors of m.
137
Let j(m) = 2*m**3 - 2*m - 17. Let a be j(6). Let w = -244 + a. What are the prime factors of w?
3, 53
Let h(a) = -6*a - 36. Let b be h(-7). Suppose -8419 = -b*u - 1465. List the prime factors of u.
19, 61
Suppose -2*s + 4*s + 2 = m, 3*s + 4 = 2*m. Let z be -459*(-10)/15 + 4/m. Suppose 2*h - 2*t = 5*h - 455, t = 2*h - z. What are the prime factors of h?
3, 17
Suppose 0 = -5*b + 25, 4*s - 3*b - 43 = -2*b. Let m be ((-432)/63)/(8/(-28)). Suppose -2*r + m = 2*f, s = -4*f - 3*r + 57. List the prime factors of f.
3
List the prime factors of (78/(-468))/((-9246)/(-9252) - 1).
257
Let z(p) = 5*p**2 - 20*p + 70. Suppose 19 = 5*c - 21. What are the prime factors of z(c)?
2, 5, 23
Suppose 37*q + 6573 = 41*q + 5*w, q + 4*w - 1646 = 0. What are the prime factors of q?
2, 821
Suppose 5*c - c - 92 = g, -3*g + 3*c - 240 = 0. Let j be (10/(4 - 5))/((-2)/(-1)). What are the prime factors of g*j/10 + -2?
2, 3
Suppose 2*o + 4*c = 15492, -441*o + 4*c = -438*o - 23198. List the prime factors of o.
2, 53, 73
Suppose -42*m + 643914 + 991304 = 67*m. What are the prime factors of m?
2, 13, 577
Suppose 0 = -2*q + 3*b + 48257, 4*b + 96524 = -37*q + 41*q. List the prime factors of q.
2, 7, 431
Let k be (-3)/(-2)*96/72. Suppose 0*n + 1462 = 4*n - 2*x, 2*n + k*x - 722 = 0. What are the prime factors of n?
2, 7, 13
Let j(u) = 11*u**2 - 2*u + 2. Let k be j(3). Let r = k - 100. List the prime factors of r - (3 + -16 + -4).
2, 3
Let y(w) = 111*w**3 - 3*w**2 + 13*w + 60. What are the prime factors of y(6)?
2, 3, 4001
Suppose -j + 29 = 6*d + 4*j, 2*j - 6 = -d. Suppose m = -d*f + 1275, 3*m + 0*m = f + 3760. What are the prime factors of m?
5, 251
Suppose 4*p - 86397 = -12*z + 11*z, 4 = 4*z. What are the prime factors of p?
21599
List the prime factors of 6*310/80*21248/6.
2, 31, 83
Let o(c) = 10*c**2 - 14 - 6*c**3 - 2*c**3 + 4*c + 4*c**3 + 5*c**3. Suppose 0 = -u + 3*u + 12. List the prime factors of o(u).
2, 53
Let w = 320 + -196. Suppose 5*c = 4*h + 913, 55 + w = c + h. List the prime factors of c.
181
What are the prime factors of -226 - -231 - (1 + -2)/2*91414?
2, 2857
Let a(r) = -8*r - 39. Let j be a(-4). Let c(t) = t**2 + 9*t + 41. List the prime factors of c(j).
3
Let j = -618 + 2557. Suppose j = 5*l - 2*p, -l - 4*p = -0*l - 401. List the prime factors of l.
389
Suppose 34482 = -25*v + 39*v. List the prime factors of v.
3, 821
Let a(c) = -8*c**2 + 5*c. Let x be a(2). Let h = -45 - x. Let o = h + 51. List the prime factors of o.
2, 7
Let b = 39 - 114. Suppose -3*f = 3*w - 411, -2*f - 290 = -85*w + 